210 a multiple of 49?
True
Is 912494 a multiple of 407?
True
Is 1708 a factor of 1375420?
False
Is 1320540 a multiple of 30?
True
Does 35 divide 992425?
True
Does 19 divide 97524?
False
Is 14 a factor of 159657?
False
Does 28 divide 14472920?
True
Does 503 divide 80417?
False
Is 103 a factor of 3413747?
False
Is 48 a factor of 4687824?
True
Is 69 a factor of 81006?
True
Is 3663597 a multiple of 13?
False
Is 277870 a multiple of 53?
False
Does 9 divide 1989?
True
Is 72673 a multiple of 225?
False
Does 56 divide 111776?
True
Does 13 divide 3029247?
True
Is 58 a factor of 126430?
False
Is 67 a factor of 5362010?
True
Is 28 a factor of 9604?
True
Is 10 a factor of 2222480?
True
Does 20 divide 95359?
False
Is 313 a factor of 608785?
True
Is 900834 a multiple of 5?
False
Does 32 divide 5369621?
False
Is 7761012 a multiple of 1182?
True
Does 14 divide 30604298?
False
Is 187635 a multiple of 56?
False
Is 4446350 a multiple of 20?
False
Does 93 divide 42966?
True
Does 18 divide 158148?
True
Does 32 divide 1094432?
True
Does 3 divide 11118?
True
Does 15 divide 157020?
True
Is 183374 a multiple of 262?
False
Is 1614275 a multiple of 129?
False
Is 103769 a multiple of 213?
False
Is 279 a factor of 208974?
False
Is 226021 a multiple of 345?
False
Is 210256 a multiple of 136?
True
Is 23002 a multiple of 7?
True
Does 9 divide 983997?
True
Is 8306182 a multiple of 269?
True
Is 314 a factor of 26191368?
True
Does 106 divide 70172?
True
Is 53 a factor of 2091645?
True
Does 237 divide 1568229?
True
Is 335902 a multiple of 13?
False
Does 11 divide 22509?
False
Does 71 divide 256878?
True
Is 22 a factor of 1228999?
False
Is 28 a factor of 193676?
True
Does 10 divide 662260?
True
Is 33 a factor of 8291217?
True
Is 690960 a multiple of 30?
True
Is 96 a factor of 332761?
False
Is 1830880 a multiple of 80?
True
Is 2 a factor of 171899?
False
Is 39 a factor of 237847?
False
Is 10 a factor of 92080?
True
Is 9814241 a multiple of 2447?
False
Does 871 divide 692837?
False
Is 12 a factor of 30281?
False
Is 7 a factor of 33439?
True
Is 292 a factor of 3496992?
True
Is 83 a factor of 3042248?
False
Does 21 divide 92533?
False
Is 3326675 a multiple of 294?
False
Is 4819570 a multiple of 1085?
True
Is 117 a factor of 195507?
True
Is 528 a factor of 2461536?
True
Does 918 divide 1017144?
True
Does 32 divide 374809?
False
Is 42630 a multiple of 28?
False
Does 98 divide 1148822?
False
Does 102 divide 583032?
True
Is 3345002 a multiple of 13?
False
Is 2017252 a multiple of 83?
False
Is 372 a factor of 406968?
True
Is 5019936 a multiple of 32?
True
Does 3 divide 1400821?
False
Is 273 a factor of 2625168?
True
Does 83 divide 1420912?
False
Is 1632993 a multiple of 78?
False
Does 740 divide 6650380?
True
Does 75 divide 30675?
True
Is 170162 a multiple of 2?
True
Is 5 a factor of 47435?
True
Does 23 divide 1735004?
False
Is 16394301 a multiple of 15?
False
Is 105 a factor of 478065?
True
Is 902 a factor of 8774187?
False
Is 301211 a multiple of 11?
False
Is 549575 a multiple of 25?
True
Is 83 a factor of 1231388?
True
Does 16 divide 4143569?
False
Does 8 divide 2023292?
False
Is 75 a factor of 19489725?
True
Is 81 a factor of 1455489?
True
Is 2284436 a multiple of 258?
False
Does 38 divide 2595590?
True
Is 35088 a multiple of 11?
False
Does 100 divide 31776?
False
Is 36 a factor of 294156?
True
Is 24321 a multiple of 11?
True
Is 4482688 a multiple of 808?
False
Is 67 a factor of 1224925?
False
Does 655 divide 235145?
True
Is 441 a factor of 8127879?
False
Is 201434 a multiple of 2?
True
Is 129952 a multiple of 33?
False
Does 17 divide 4427729?
False
Is 22 a factor of 108631?
False
Is 402 a factor of 4874089?
False
Is 80184 a multiple of 26?
True
Is 57 a factor of 1081461?
True
Does 124 divide 1614604?
True
Is 65845 a multiple of 65?
True
Is 7897 a multiple of 149?
True
Is 95 a factor of 64885?
True
Is 81 a factor of 10333?
False
Is 33 a factor of 202910?
False
Is 12492 a multiple of 12?
True
Does 392 divide 3423780?
False
Is 296171 a multiple of 144?
False
Is 7 a factor of 123711?
True
Does 3 divide 50603?
False
Does 697 divide 1629177?
False
Is 909 a factor of 13486737?
False
Is 1140654 a multiple of 29?
False
Is 10 a factor of 227320?
True
Is 98308 a multiple of 66?
False
Does 4 divide 1833558?
False
Is 1822 a factor of 1399296?
True
Is 359505 a multiple of 64?
False
Is 742051 a multiple of 43?
True
Is 191 a factor of 1081060?
True
Is 2069292 a multiple of 827?
False
Is 5877922 a multiple of 521?
True
Is 16 a factor of 1283664?
True
Is 7 a factor of 114898?
True
Is 62 a factor of 125763?
False
Does 349 divide 1469268?
False
Is 7629233 a multiple of 29?
True
Does 3 divide 1842?
True
Is 2778434 a multiple of 525?
False
Does 11 divide 184072?
False
Does 285 divide 128579?
False
Does 13 divide 9117355?
True
Is 2555455 a multiple of 17?
False
Is 14 a factor of 22656?
False
Is 1760300 a multiple of 25?
True
Is 2317087 a multiple of 6?
False
Does 14 divide 6480502?
True
Is 72 a factor of 285772?
False
Does 967 divide 999878?
True
Does 19 divide 5076456?
False
Does 15 divide 1692?
False
Is 11 a factor of 348777?
True
Does 19 divide 19919?
False
Does 22 divide 237050?
True
Does 19 divide 18107?
True
Is 8 a factor of 8687211?
False
Does 28 divide 8176504?
True
Is 551 a factor of 539392?
False
Is 8586426 a multiple of 26?
False
Does 75 divide 398390?
False
Is 3 a factor of 74820?
True
Is 448857 a multiple of 477?
True
Is 290646 a multiple of 6?
True
Is 6 a factor of 13085860?
False
Is 19 a factor of 723615?
True
Is 26881 a multiple of 14?
False
Does 28 divide 55664?
True
Does 127 divide 425262?
False
Is 111 a factor of 179376?
True
Is 13 a factor of 2096111?
False
Is 19263 a multiple of 52?
False
Does 15 divide 585347?
False
Does 118 divide 541771?
False
Is 3 a factor of 455910?
True
Is 49 a factor of 570507?
True
Does 215 divide 895286?
False
Is 24262 a multiple of 12?
False
Is 9279080 a multiple of 10?
True
Does 66 divide 138270?
True
Is 66426 a multiple of 3?
True
Does 19 divide 4385542?
True
Is 1252315 a multiple of 235?
True
Does 188 divide 8797648?
True
Is 338 a factor of 1879618?
True
Is 409902 a multiple of 318?
True
Is 16498148 a multiple of 97?
True
Is 6 a factor of 560055?
False
Does 18 divide 4677480?
True
Does 32 divide 59072?
True
Does 103 divide 120800?
False
Does 67 divide 699949?
True
Is 973232 a multiple of 208?
True
Is 140 a factor of 82320?
True
Is 3722770 a multiple of 244?
False
Is 519 a factor of 5102808?
True
Does 85 divide 817700?
True
Is 25 a factor of 156450?
True
Does 61 divide 562359?
True
Is 42 a factor of 2478504?
True
Is 46 a factor of 178886?
False
Is 428 a factor of 560742?
False
Does 2424 divide 10818312?
True
Is 6 a factor of 2129175?
False
Is 87 a factor of 931794?
False
Is 1587966 a multiple of 377?
False
Is 8107 a multiple of 11?
True
Does 77 divide 7854?
True
Is 38 a factor of 65360?
True
Does 10 divide 3493039?
False
Is 448 a factor of 458371?
False
Is 205848 a multiple of 13?
False
Is 321 a factor of 872157?
True
Is 479 a factor of 670600?
True
Is 342 a factor of 507870?
True
Is 32 a factor of 3458048?
True
Does 37 divide 74741?
False
Is 42 a factor of 19488?
True
Is 4 a factor of 1406811?
False
Is 108 a factor of 319680?
True
Is 12 a factor of 20080332?
True
Is 202 a factor of 1170186?
True
Does 27 divide 4682248?
False
Does 35 divide 1783670?
True
Is 173843 a multiple of 373?
False
Is 215 a factor of 3035800?
True
Does 21 divide 1524468?
False
Is 4 a factor of 209756?
True
Does 151 divide 6179222?
True
Is 121 a factor of 3164618?
False
Is 10 a factor of 23890?
True
Does 13 divide 1199052?
False
Is 79 a factor of 3459094?
True
Does 91 divide 3009734?
True
Is 123 a factor of 41872?
False
Does 8 divide 123848?
True
Is 136 a factor of 3033616?
True
Does 69 divide 9216054?
True
Does 11 divide 179333?
True
Is 47990 a multiple of 12?
False
Is 30 a factor of 366155?
False
Is 51240 a multiple of 14?
True
Is 123528 a multiple of 15?
False
Does 37 divide 126281?
True
Does 26 divide 1660828?
True
Is 38 a factor of 1186246?
True
Is 92128 a multiple of 32?
True
Is 151 a factor of 1010161?
False
Is 4583722 a multiple of 21?
False
Is 52 a factor of 84760?
True
Does 144 divide 736719?
False
Is 342 a factor of 1498923?
False
Is 317 a factor of 6445932?
False
Is 1